s of u.
2, 5, 17
Let q = -10 + -12. What are the prime factors of (3 - 147/(-3))/(q/(-121))?
2, 11, 13
Let y(w) be the first derivative of 695*w**2/2 + 21*w + 234. What are the prime factors of y(2)?
17, 83
Suppose -3*u = 2*b - 68, 3*b - u + 51 - 175 = 0. Suppose 0*t - 2*t = -468. Suppose t = -b*i + 43*i. List the prime factors of i.
2, 3, 13
Let l = 4 + 4. Let b = 28 - l. Suppose -t + b = -23. List the prime factors of t.
43
Suppose l = -4*s + 647, 0 = -25*s + 21*s + 4*l + 632. Let u = s - -747. List the prime factors of u.
2, 227
Let a be 12*(-116)/8*-6 + -1. Suppose 9*t - 4859 + a = 0. What are the prime factors of t?
2, 53
Let k = 163958 - 93399. What are the prime factors of k?
37, 1907
Let r be 184 + (-11 - -3)/(-8). Let b = r - -35. List the prime factors of b.
2, 5, 11
Let l be 8/5*(10 - 45/6). List the prime factors of (-2 - (-332)/l) + 7 + -10.
2, 3, 13
Suppose -122*o + 94430 + 80152 = 0. List the prime factors of o.
3, 53
Let d(m) = 8077*m - 185. What are the prime factors of d(1)?
2, 1973
Let v(w) = -13*w - 7. Let o be v(-2). Suppose 5*i - 3*i = 4, 5*i - o = -3*m. Suppose -9 = m*b, -6*b + 4*b + 110 = 4*x. What are the prime factors of x?
29
Let m(n) = n**3 - 14*n**2 + 7*n + 12. Let r be m(5). What are the prime factors of (r*12)/(-7 - -5)?
2, 3, 89
Let k(g) = -6*g**2 + 108*g + 9. Let o be k(18). Suppose -o*p - 8152 = -17*p. What are the prime factors of p?
1019
Let q(w) = -25*w**3. Let g be q(-1). Let v = -621 - -710. Suppose -c + v = g. What are the prime factors of c?
2
Let y = 631 + 72. Let p be 4 + (33 - (-3 - -8)). Suppose p = 5*v - y. List the prime factors of v.
3, 7
Suppose 295 = -5*y + 10*y. Suppose 3*m + 32 = y. Suppose -p - m*p = -760. What are the prime factors of p?
2, 19
Suppose -6*c + 160 = -2*c. Suppose n = -0*n + 48. Let w = n - c. What are the prime factors of w?
2
Suppose 177392 = 5*d - 4*z, 5*z - 70970 = 5*d - 7*d. What are the prime factors of d?
2, 5, 887
Let g(u) = -500*u - 1667. List the prime factors of g(-18).
7333
Suppose -5*c + x + 32 = -39, x = -2*c + 27. Suppose -1209 = 11*t - c*t. List the prime factors of t/4 + 1/((-8)/6).
2, 5
List the prime factors of 19 - 39 - (-103878)/6.
17293
Suppose -5*r - 50880 = -4*i + 64820, -2*r + 28938 = i. List the prime factors of i.
2, 5, 11, 263
Let w(q) be the first derivative of 10*q**3 - 3*q**2 + 2*q + 19. Let c be w(2). Suppose 3*j + 3*z - 100 = c, z = -3*j + 202. List the prime factors of j.
2, 3, 11
Let t(h) = -h**3 - 3*h**2 + 20*h - 56. Let f(i) = -12*i**2 + 3*i - 2. Let m be f(1). What are the prime factors of t(m)?
2, 173
Let a(k) = 511*k**3 - k**2 - 2*k + k + k**2. Let d be a(1). Suppose 0 = -4*y + 5*p + 321 + 92, -d = -5*y + 5*p. What are the prime factors of y?
97
Let b = 123 + -51. Suppose -80*n = -b*n - 4896. List the prime factors of n.
2, 3, 17
Let v(i) = 9*i - 18. Suppose 3*r + 0*r = 15. Suppose 30 = 2*b - b - r*y, -5*b + 45 = -4*y. List the prime factors of v(b).
3
Suppose -207808 + 146 = -26*j. What are the prime factors of j?
7, 163
Suppose -5*f = 4*h - 33474, -35*h + 32*h + 6*f + 25125 = 0. List the prime factors of h.
11, 761
Suppose -34538 - 16882 + 3420 = -20*s. What are the prime factors of s?
2, 3, 5
Suppose 160 = 3*v + x, -4*x + 137 = 2*v + 27. Let r = 425 + v. List the prime factors of r.
2, 239
Suppose 0 = -12*g + 11*g + 5. Suppose -g*x + d = -1111, 2*x - 6*d - 434 = -3*d. Let b = 443 - x. What are the prime factors of b?
2, 5, 11
Let q = -4143 + 4888. What are the prime factors of q?
5, 149
Let j be ((-1)/(-2))/(41/410). Suppose -3*d + 2192 = -j*y - 138, 0 = -d - 4*y + 771. List the prime factors of d.
5, 31
Suppose 0 = 5*m + 31*i - 36*i - 178035, -5*m + 4*i + 178042 = 0. What are the prime factors of m?
2, 17807
Let k be 39/4*3*(-20)/(-15). Suppose -283 = k*v - 3754. List the prime factors of v.
89
Suppose 7 + 5 = -6*f. Let l be (30/12)/(f/(-32)). List the prime factors of -2 - (-8)/(l/225).
43
Suppose 5*v = 23*w - 27*w + 14344, -3*w + 3*v = -10758. Suppose -3*a - 4*g = -w, -5*g - 2040 = -2*a + 320. List the prime factors of a.
2, 5, 7, 17
Suppose -147*v + 9656 = -146*v. What are the prime factors of v?
2, 17, 71
Suppose 0 = -3*n + 4*d + 8898, n + 2*d + 3*d = 2985. Suppose 2*k - 48*z = -44*z + n, 4*k + 2*z = 5900. List the prime factors of k.
7, 211
Let f = 14537 - 2198. What are the prime factors of f?
3, 457
Let v be 5*((-720)/75 - -8). Let y(n) be the first derivative of -n**4/4 - 3*n**3 - 15*n**2/2 - 11*n + 1. What are the prime factors of y(v)?
3, 5
Let n = -13813 + 23973. What are the prime factors of n?
2, 5, 127
Let w be (466 - 1) + (-36)/(5 - -4). Let x = w - 219. What are the prime factors of x?
2, 11
Let w be (0 - -7)*((6 - 9) + 4). List the prime factors of (-1 + w - (-114)/(-38)) + 860.
863
Let k(t) be the second derivative of 9*t**4/4 + t**3/2 + 12*t**2 + t + 17. What are the prime factors of k(-6)?
2, 3, 163
Let t be 6/(-4) + 110/20. Let a be 30/7 - t/14. Let c(n) = 6*n**2 + 4*n - 2. List the prime factors of c(a).
2, 5, 11
Suppose -113*f + 8115 = -110*f. List the prime factors of f.
5, 541
Let r(f) be the first derivative of -91*f**2/2 + 185*f - 40. List the prime factors of r(-4).
3, 61
List the prime factors of (-1764)/(-196) + 29751 + 0.
2, 3, 5, 31
Let z = -3032 + 9635. What are the prime factors of z?
3, 31, 71
Suppose x + 23739 = 3*o + 4*x, 4*o + x - 31637 = 0. What are the prime factors of o?
2, 3, 659
Let j = -21174 - -26600. List the prime factors of j.
2, 2713
Suppose -2*s + 4*w + 180 = 0, 9*s - 4*s + 2*w = 414. Let x = -82 + s. Suppose x*g - 4*q - 479 = -g, -314 = -2*g + 4*q. What are the prime factors of g?
3, 5, 11
Suppose -5*j + 4*m + 288563 = m, 2*j - 5*m - 115429 = 0. List the prime factors of j.
2, 3607
Let t be ((-180)/(-35))/(8/(-56)). What are the prime factors of -1295*(48/(-12) + t/(-10))?
2, 7, 37
Let y = -181 + 340. What are the prime factors of (y - (-2)/1) + 1 + 0?
2, 3
Suppose 15 = 3*k + 3*n, -k - 77 = -3*n - 62. Suppose k = -3*o - 6, l = -2*o - 87 + 237. What are the prime factors of l?
2, 7, 11
List the prime factors of (-15)/60 + (-796941)/(-36).
3, 47, 157
Suppose 0 = -8904*w + 8926*w - 52338. List the prime factors of w.
3, 13, 61
List the prime factors of 12/42 + 2028538/413.
2, 307
Let j(k) = 15*k**2 + 4*k + 2. Suppose 0 = -8*n - 0*n + 48. List the prime factors of j(n).
2, 283
Let k(z) = -53*z**3 + 2*z**2 - z - 2. Let d be k(3). Let y = 893 + d. Let h = -368 - y. What are the prime factors of h?
157
What are the prime factors of (-573012)/(-55) + (-6)/(-10)?
3, 23, 151
Let m(d) = 17 - 3*d**2 + 3*d**2 + d**2 + d**2 + 12*d. Suppose 6 - 46 = 5*i. What are the prime factors of m(i)?
7
Suppose 5*s - 13*u + 12*u = 17338, 17332 = 5*s - 4*u. What are the prime factors of s?
2, 3, 17
Let h(b) = -3*b**2 - 12*b + 39. Let d be h(-6). Suppose -42*c + 39*c + 328 = u, -951 = -d*u + 2*c. List the prime factors of u.
11, 29
Let f = -27292 + 48320. List the prime factors of f.
2, 7, 751
Suppose 140*f + 102*f - 1206854 = 0. What are the prime factors of f?
4987
Let m(n) be the third derivative of n**4/2 + 248*n**3/3 + 33*n**2. List the prime factors of m(0).
2, 31
Let h(l) = -l - 5*l - 3*l + 2*l. Let g be h(2). Let m = g - -131. List the prime factors of m.
3, 13
Let b(k) = 3*k**2 - 3*k - 1. Let i(c) = -c + 1. Let d(a) = b(a) - 4*i(a). Let r be d(-7). Let v = -58 + r. What are the prime factors of v?
7, 11
Let d = -42 - -44. What are the prime factors of (-27)/(-81)*(d - -667)?
223
Let m(k) = k**2 - 5*k - 3. Let r be m(6). Suppose -r*h + 399 = -0*a + 2*a, 4*a = -h + 133. List the prime factors of h.
7, 19
Let v(g) be the second derivative of -g**4/12 + g**3/2 + 23*g**2/2 - 37*g. Let j be v(6). Suppose -203 = j*c - 1088. What are the prime factors of c?
3, 59
Let c be (3 + 68/(-20))*-15. List the prime factors of 507/(-52)*22*(-8)/c.
2, 11, 13
Let r(g) = 49*g**2 + 63*g - 102. What are the prime factors of r(-17)?
2, 17, 191
What are the prime factors of (27/72*8 - (-2 + -51475)) + 0?
2, 3, 5, 11, 13
Let g = -635 + 639. Suppose y - 911 = -w + 2*y, 4*y = -g*w + 3620. What are the prime factors of w?
2, 227
Suppose -4*y + y = y. Suppose -5*k + 2*k - 3*s + 12 = 0, 4*k + 2*s - 16 = y. Suppose 2*d = -4*q + 388, 0 = -k*q + 2*q - 2*d + 192. List the prime factors of q.
2, 7
Suppose -30728 + 9912 = -4*m. What a